5. Let y be q(-5). Suppose 22*x - s*x + 1672 = y. List the prime factors of x.
11, 19
Let w(k) = 2*k**3 + 4*k**2 - 14*k + 7. Let m be w(2). Let z(j) = -3*j - 6 - j + 5*j. What are the prime factors of z(m)?
5
Suppose -3*g = 2*g + 25, 5*g + 25 = a. Suppose -5*i + 20 = a, 3*j + 4*i + 564 = -j. Let m = j - -220. What are the prime factors of m?
3, 5
Let c(v) = -6*v + v - 10*v + v**2 + 18. Let k be c(6). Let t = 156 + k. What are the prime factors of t?
2, 3, 5
Suppose o + 4 = 7. Suppose o*i + 2*j - 311 = -2*i, -5*j = i - 53. Suppose 4*t - i + 51 = 0. What are the prime factors of t?
3
Suppose 2 = -6*n + 7*n. Suppose n*v + 2*v = 60. Let l(u) = 2*u + 5. List the prime factors of l(v).
5, 7
What are the prime factors of (2 - -1446 - (6 + 0)) + 6?
2, 181
Let x be (-130)/(-15) + (-3 - (-30)/9). Let l(k) = 2*k - 12. Let d be l(x). Suppose -530 = -d*v + v. List the prime factors of v.
2, 53
Let h(o) = -o**2 - 16*o - 25. Let w be (20/24)/((-1)/(-6)). Let q(i) = -1. Let m(c) = w*q(c) + h(c). List the prime factors of m(-13).
3
Suppose 3*w + 5 + 0 = -q, -2*w - 4*q = 10. Let r(m) = -31 + 30 - 34*m**2 + 112*m**2. List the prime factors of r(w).
7, 11
Let r = 78 - 117. Let l = r - -52. List the prime factors of (-10 - -3)*l/(-1).
7, 13
Let j = -30383 - -52072. List the prime factors of j.
23, 41
Suppose k = 23 + 13. Suppose y - 2*y + k = 0. Suppose -4*h = -6*h + y. What are the prime factors of h?
2, 3
Suppose -3*o - 1438 = t, -5*o + 8*o + 1441 = -4*t. Let r = o - -1643. What are the prime factors of r?
2, 3, 97
Suppose -4*o - 17921 = 106*f - 107*f, f + 4*o - 17889 = 0. List the prime factors of f.
5, 3581
Let t = -41 + 51. Suppose -32 = 2*z - t*z. Suppose 2*v = -4*n + 196, -3*n = 3*v - z*v + 88. What are the prime factors of v?
2, 47
Suppose -969*r + 924*r + 340290 = 0. What are the prime factors of r?
2, 19, 199
Let n(u) = -7*u**2 + 3*u - 1. Let m be n(4). Let s = m - -262. Suppose 0 = -5*h + 164 + s. What are the prime factors of h?
5, 13
Suppose 3*i - 23 = 7. Suppose i + 4 = 7*d. Suppose 5*o + 3*y = 788, -d*o + 5*o + 2*y - 472 = 0. List the prime factors of o.
2, 5
Suppose -4*w + 4*t = -27040, 4*w + 3*t = 5*w - 6766. What are the prime factors of w?
29, 233
Let c(w) = 1107*w**3 + 3*w**2 - 10*w + 7. What are the prime factors of c(3)?
167, 179
Suppose 4*h + 5 = -o, 19*o - 17*o = 5*h + 16. Suppose 0 = -0*q + q - 4, -o*q + 99 = 3*z. What are the prime factors of z?
29
Suppose 676*v = 672*v - 5440. Let y = v + 2397. What are the prime factors of y?
17, 61
Suppose 0 = 18*x - 16*x. Suppose 5*c + 2*k - 3464 = x, c = -12*k + 17*k + 682. What are the prime factors of c?
2, 173
Let f = 42 - 21. Let y(d) = d + 1. Let u be y(1). Suppose -17 = -u*h + f. List the prime factors of h.
19
What are the prime factors of 4299 - ((16 - 7) + -14)?
2, 269
Let f = 54424 + -25891. What are the prime factors of f?
3, 9511
Suppose -4*x = -2*n - 58, 41 = 5*x - 5*n - 44. Let t be ((-6)/4*6)/(x/(-488)). Suppose -4*u + 380 = -2*o, 3*o = -4*u - 2*o + t. List the prime factors of u.
2, 47
Let i(u) = 27*u**2 + 2*u**2 + 2*u**2 - 35 - 5*u. List the prime factors of i(-5).
3, 5, 17
Let u(p) = -p**3 + 2*p**2 - 3*p + 1445. Let b be u(0). Suppose 0 = -4*c, 0 = -5*g - 2*c + b + 140. What are the prime factors of g?
317
Let w be 24/27 + 2 - (-3)/27. Suppose -4*p = -2*p. Suppose p = -w*f + 8*f - 60. What are the prime factors of f?
2, 3
Suppose 3*s + 286000 = s + 12*s. List the prime factors of s.
2, 5, 11, 13
Let g = 87 - 74. Suppose -g + 16 = 3*a. List the prime factors of (-4 - -6 - a)*3*63.
3, 7
What are the prime factors of 9/6 + (-2148294)/(-148)?
3, 1613
Let r = -776 + 1407. Suppose -6*t - r = -7933. List the prime factors of t.
1217
Suppose 128*k = 129*k + 4*s - 24553, k = 2*s + 24529. List the prime factors of k.
3, 8179
Let k(d) = 31*d**2 - 2*d. Let u be k(-4). Suppose u = 35*o - 34*o. What are the prime factors of o?
2, 3, 7
Suppose 23*a - 13*a + 11800 = 0. Let h = -758 - a. What are the prime factors of h?
2, 211
Let s be (-21)/7*1*(-2252)/6. Suppose 3*h - a - s = 0, a + 1779 = 5*h - 99. Suppose 12*v - h = 10*v. What are the prime factors of v?
2, 47
Let y(n) = -7 - 28*n**3 + 9*n**3 + 11*n**3 - 2*n + 4*n**2 + 4*n**3. List the prime factors of y(-3).
11, 13
Suppose -3*r = -7*r + 8. Suppose 0 = -5*i - r*x + 2, 0*i - x - 2 = i. List the prime factors of (12 - 2) + (-1 - -5)/i.
2, 3
List the prime factors of (7/4 + -2)/(1/(-177044)).
7, 6323
Let c(t) = -35*t - 3. Let g = -31 + 26. Let x be c(g). Let s = x + -93. List the prime factors of s.
79
What are the prime factors of 2465*(-7 - (-592)/80)?
2, 17, 29
Let l = 47161 - 9471. What are the prime factors of l?
2, 5, 3769
Let s(p) = -27*p + 20*p - 18 + 19. List the prime factors of s(-10).
71
Let l = -130 - -166. Suppose -264*j - l = -266*j. List the prime factors of j.
2, 3
Let a = -120 + 124. Suppose 1221 = 3*b - 3*l, 171 = -a*b - 4*l + 1815. List the prime factors of b.
409
Suppose 5*b - 3847 = 3*l + 2494, 5*l - 2*b = -10600. Let v = -952 - l. What are the prime factors of v?
2, 3, 5, 13
Let q = -19 - -19. Suppose q*b - 6 = -2*b. Suppose 3*f - b*n = -f + 291, 5*n = -4*f + 315. What are the prime factors of f?
3, 5
Let a(w) = -w**3 - 10*w**2 - 11*w - 12. Let n be a(-9). Suppose -684 = n*r + 408. What are the prime factors of r/(-4)*(1 + 1)?
7, 13
Let k = 10732 + -2406. List the prime factors of k.
2, 23, 181
Let y(b) = 688*b + 1558. What are the prime factors of y(10)?
2, 4219
Let q(d) be the second derivative of 18*d - 5/2*d**2 + 7/3*d**3 + 0. What are the prime factors of q(6)?
79
Let b(x) = 2*x + 6. Suppose -5*o = -4*o + 2. Let k be b(o). Suppose 4*n - 214 = -k*h, -67 = -3*n + 2*n - 5*h. List the prime factors of n.
2, 13
Let i = 755 + 74. Suppose -8*t - i = 1179. Let g = 398 + t. What are the prime factors of g?
3, 7
Let v(y) = 2805*y + 3045. List the prime factors of v(28).
3, 5, 7, 37
Suppose -4*q = -5*g + 24, 24 = -q - 3*q - 2*g. List the prime factors of (869 - -5)/(q + (-28)/(-4)).
2, 19, 23
Let p(m) = -m**3 + 71*m**2 - 28*m - 86. List the prime factors of p(68).
2, 13, 457
Suppose 166*v - 293379 = 655720 + 536435. What are the prime factors of v?
3, 19, 157
Let i be (8 - -320)/((-8 - -18) + -8). Let s(p) = 55*p - 4. Let n be s(3). Suppose -n*l + i*l = 207. What are the prime factors of l?
3, 23
Suppose -3*j - 121*d + 125*d = -140718, -2*j + 93770 = 2*d. List the prime factors of j.
2, 23447
Let z be (-390)/(-105) - (-2)/7. Suppose -486 + 14 = -z*v - d, 2*d = -8. Let q = v - -33. List the prime factors of q.
2, 19
Suppose 4*u - 12 = 4*m, 2*u + u - 2*m - 10 = 0. Suppose -j = u*z - 10, z = -j - 0*z + 4. Suppose -j*h = -336 - 144. List the prime factors of h.
2, 3, 5
Suppose 0 = s - 5*j - 36009 - 1478, -3*s = 5*j - 112421. What are the prime factors of s?
11, 3407
Suppose 4*c + 74 = 62. What are the prime factors of (((-64)/c)/8)/(2/33)?
2, 11
Let f be (-318)/(1/2 - 0). Let y = f - -1140. List the prime factors of y.
2, 3, 7
Suppose 0*w + 183 = -c - 4*w, -3*c - 624 = -3*w. Let h = -44 - c. List the prime factors of h.
3, 53
Let l = -15 - -18. Suppose -2*t - d + 333 - 1691 = 0, -l*d = 2*t + 1350. List the prime factors of t/(-6) - 0 - (-18)/12.
5, 23
Let q(g) = -3*g**3 - g**2 + g + 1. Let d = -4 - -3. Let p be q(d). What are the prime factors of 1/(1184/(-396) + 1 + p)?
3, 11
Let k be (230/(-55) - -4) + (-2)/(-11). What are the prime factors of (-166*(-1 - k))/((-6)/(-9))?
3, 83
Suppose -u - 319 - 63 = 0. Let n = u - -638. Let g = n + -132. What are the prime factors of g?
2, 31
Let t = -4913 + 5083. Let y = -41 - -17. Let z = t + y. What are the prime factors of z?
2, 73
Suppose -5*u + 29535 - 3642 = 3*n, -4*u + 20682 = -3*n. What are the prime factors of u?
3, 5, 23
Let z = 137 + -35. Suppose 0 = 108*i - z*i - 1710. What are the prime factors of i?
3, 5, 19
Let z(n) = 86*n**2 - 64*n + 120. What are the prime factors of z(11)?
2, 3, 1637
Suppose 8*g - 23 = -39. What are the prime factors of (780/(-48) + 12)/(g/328)?
17, 41
Let f be (7 + -15)/(-4) + 44. Suppose -4*y = -f - 370. List the prime factors of y.
2, 13
Let u = -127 + 509. Let h = 504 - u. What are the prime factors of h?
2, 61
Suppose 4*c = 4*h - 28720, 7*h - 13*c - 50284 = -18*c. What are the prime factors of h?
2, 3, 7, 19
Let t be (1/2)/(40/5360). Let z = t - -29. Li